k**2 - 36*k + 2*k**3 + 104*k**2. Is 12 a factor of q(-11)?
False
Let x(w) = w**3 + 18*w**2 + 23*w - 24. Suppose 0 = -27*t + 12*t - 240. Is 20 a factor of x(t)?
True
Let h = -67 - -71. Suppose -h*o = -o. Suppose o = 11*q - 183 - 92. Does 5 divide q?
True
Let l(c) = 111*c**2 + 4*c + 2. Let q be l(-3). Suppose 2*v - 5*w = 475, -4*v + w + q = 4*w. Suppose 6*h = v + 175. Does 23 divide h?
False
Let h(x) = 4*x**2 + 2*x - 38. Let z = 333 - 340. Is 12 a factor of h(z)?
True
Let k(u) = u**3 + 31*u**2 - 11*u - 47. Let y = -388 - -357. Is k(y) a multiple of 38?
False
Suppose -8*g - 151 = -3*g - 4*i, -4*i = 5*g + 159. Let h = -28 - g. Suppose 0 = h*x - 107 + 38. Is 23 a factor of x?
True
Let g(w) = 202*w**2 - 76*w - 159. Does 11 divide g(-2)?
False
Suppose 0 = 2*u - 4*i - 33588 - 11474, -u = 4*i - 22537. Is 37 a factor of u?
True
Let z be (-3004)/12 + (-2)/3. Let s = -137 - z. Does 26 divide s?
False
Let x(g) = 637*g**2 + 3*g - 1. Suppose 10*d + 40 = 50. Is 9 a factor of x(d)?
True
Let c(q) = -45*q - 9. Let b be c(-1). Suppose 17*w - b = 23*w. Is 32 a factor of (284/8 - 3) + 3/w?
True
Let f(t) be the second derivative of 3*t**3/2 - 383*t**2/2 - 127*t. Does 17 divide f(53)?
False
Let r = 54050 - 20356. Does 23 divide r?
False
Let t = 7677 - 5377. Is t a multiple of 20?
True
Suppose 6*c = 20200 + 10520. Suppose 0 = -8*w - 640 + c. Suppose -2*v + 3*r + 282 = -0*r, 4*v - 4*r = w. Is 23 a factor of v?
True
Suppose -44*j - 1102 + 129217 = j. Does 6 divide j?
False
Suppose 3*b + 3*c = 5*c + 10, 0 = -4*b + 2*c + 12. Let m(o) = 32*o**2 + 4*o. Is m(b) a multiple of 14?
False
Let m(v) = -36*v**2 + 2218*v - 9. Is m(17) a multiple of 49?
True
Let z(h) = -h**2 + 39*h + 73. Let f = 875 + -842. Is z(f) a multiple of 43?
False
Let x be 2 + (-39)/15 + (-36)/(-10). Suppose 2*r + 0*w - 54 = 4*w, -x*r + 71 = -w. Suppose m - 78 = -r. Is 15 a factor of m?
False
Suppose -2*k - 8 = -2, -4*r = -4*k - 356. Let v(s) = -s - 4. Let q be v(-7). Let o = r - q. Does 14 divide o?
False
Let f be (-5)/(-15) + 1384/6. Let r be (f/(-15))/7*-10. Does 2 divide r/198 + (-35)/(-9)?
True
Let t = 29265 - 17405. Does 3 divide t?
False
Let s = 38 - 36. Suppose 3*g - 5*g = -s. Is (g + 0)*1768/13 a multiple of 17?
True
Let k(x) be the first derivative of -x**4/4 + 28*x**3/3 + 61*x**2/2 + 38*x + 282. Does 14 divide k(29)?
True
Is 37 a factor of (100/15)/((-913556)/114198 - -8)?
False
Suppose 19*n - 2*b - 678 = 16*n, 0 = -3*n - b + 687. Let f = 480 - n. Is 7 a factor of f?
True
Let w = -341 - -347. Suppose 1744 = 5*z + 4*a, z + 2*a - w - 338 = 0. Is z a multiple of 11?
True
Let o = -59 + 62. Suppose -652 = -o*c - 244. Is c + 1 + (5 - 2 - 3) a multiple of 13?
False
Suppose 0 = -i - 6, 0 = 2*m - m - 2*i - 9123. Is m a multiple of 114?
False
Does 7 divide 31/(62/28) - -4769?
False
Suppose -5*n = -2*l + 2374, -1923*l + 1928*l + 5*n - 5935 = 0. Is 23 a factor of l?
False
Suppose 0 = 2*t - 16*t + 36*t - 161062. Does 18 divide t?
False
Let v(h) = -10*h**3 + 8*h**2 + 82*h + 1. Is 15 a factor of v(-10)?
False
Suppose 1534 = 25*u - 10243 - 24623. Is 14 a factor of u?
True
Let n(q) = 15*q**2 - 31*q + 5. Let u be n(-7). Suppose 10*k - 12*k - x = -u, -5*k = -3*x - 2409. Is k a multiple of 60?
True
Let p = -119 + 83. Let u be (0 + -4)/(p/54). Suppose -c - u*c + 1512 = 0. Is c a multiple of 24?
True
Let b(t) = -7*t + 86. Let c be b(12). Suppose -2*q + 5*v + 11 = 0, c*q = v + 15 + 8. Is q even?
False
Let w = 4059 + 31207. Is 14 a factor of w?
True
Suppose -384 = -2*v + 4*v. Let t = v - -354. Let p = t + -75. Is p a multiple of 10?
False
Let d(t) = t**3 - 17*t**2 + 3*t - 1. Let j be d(14). Let v = 767 + j. Is 44 a factor of v?
True
Let d(i) = 196 - 383 + 45*i**2 + 43*i + 192. Does 15 divide d(-5)?
True
Let r be 23/46*-4*(-9 + 0). Let i be (5/(-2))/(3/r). Is 7 a factor of 146/10 + 9/i?
True
Let o(g) = 3*g**2 + 59*g - 350. Is 5 a factor of o(12)?
True
Is (-12)/48*36 - -7810 a multiple of 29?
True
Suppose -23029 = 10*l - 19356 - 64143. Is 30 a factor of l?
False
Let a(l) = -2*l**3 - 41*l**2 - 11*l + 448. Is a(-24) a multiple of 54?
False
Let b(v) = 7*v**2 + 12*v + 24. Suppose -17*x + 15 = 100. Is 23 a factor of b(x)?
False
Let j(z) = 2*z**2 - 4*z + 2. Let o be j(2). Let y(l) = 38*l**2 + 5*l - 9. Let s be y(2). Suppose o*v + v = s. Is v a multiple of 12?
False
Suppose -71 - 167 = -d. Let t = 544 - d. Is 60 a factor of t?
False
Let c = -343 + 271. Is ((-82)/(-4))/((-4)/c) a multiple of 44?
False
Suppose -10*w + 61 = -9*w. Let v(f) = 2*f**3 + 8*f**2 + 2*f - 3. Let r be v(-4). Let p = w - r. Is 9 a factor of p?
True
Let h be (-4321)/(-4) - ((-2)/(-8) + 0). Suppose -h + 282 = -6*x. Is (6/(-7))/((-1)/x) a multiple of 18?
False
Suppose -3*i + 43785 = -u, 14*i - 14611 = 13*i - 5*u. Does 41 divide i?
True
Suppose -5*l - 3*g + 17 = 0, 7*g - 4 = 11*g. Suppose 53*w - 58*w = 15, -l*w = -3*h + 138. Does 7 divide h?
True
Suppose 31*s + 171348 = -69*s + 767048. Is 9 a factor of s?
False
Let l(a) be the first derivative of 20 - 35*a + 5/2*a**2. Does 9 divide l(16)?
True
Suppose 192*o + 681094 = 454079 + 1816775. Is 42 a factor of o?
False
Let c(g) = 5*g**2 + 2*g. Let r be c(3). Let s = r + -202. Let f = 251 + s. Is f a multiple of 20?
True
Suppose -2*z + 6*j = j + 4, z + 2*j - 7 = 0. Suppose 0 = z*o + 2 - 5, 0 = -4*a - o + 529. Is 6 a factor of a?
True
Suppose 4*t + 69 - 89 = 0. Suppose 4*w - 9 = w, -3*w = t*a - 29. Suppose 40 = a*k - 4*v, 4*k + 26 = 5*k - 5*v. Is 2 a factor of k?
True
Suppose -5*b + d = -0*d - 64, -d = 4*b - 53. Suppose -3*x = -b*x + 40. Suppose x*h - 320 = 20. Does 17 divide h?
True
Let s(f) = -f**3 + 7*f**2 + 3*f - 7. Let w be s(7). Let l be 68 + -1 - (-84)/(-14). Suppose -w - l = -n. Does 8 divide n?
False
Let y(w) be the second derivative of -w**4/12 + w**3/2 + 12*w**2 - 19*w. Let p be y(7). Is 4 a factor of (-2 + 12)/(10/p - -3)?
True
Let q(v) = -294*v + 8183. Is 27 a factor of q(-92)?
False
Let m = -857 + 861. Suppose 0*w - 2876 = -m*w. Does 19 divide w?
False
Let p(x) = 26*x - 618. Is 23 a factor of p(40)?
False
Let d be (0 - 4/(-6))*60. Suppose 27*l = -192 + 543. Suppose l = -b + d. Is b a multiple of 27?
True
Let w be (8 + 4)*1/3. Suppose 3*g - 5*z - 883 = 0, 0*z + w*z + 1180 = 4*g. Does 8 divide g?
True
Suppose -43508*f - 44 = -43497*f. Let i(m) = -23*m - 31. Let n(l) = -l - 1. Let u(p) = i(p) + 2*n(p). Is 11 a factor of u(f)?
False
Suppose 6*h = 16*h - 60. Let r(y) = 4*y**3 + 19*y**2 - 81*y + 4. Does 82 divide r(h)?
True
Suppose 52140 = 64*i + 15*i. Is 12 a factor of i?
True
Let d be (2 - -3)/(-1*(-45)/162). Suppose -d*p + 14*p = -604. Does 8 divide p?
False
Suppose 6*t = 55 + 41. Suppose t*a = -4*a - 580. Let u = 102 - a. Is u a multiple of 12?
False
Let g = -141 + 84. Let l be (-1 - 1)*51/34. Let r = l - g. Is 18 a factor of r?
True
Let a = -3615 - -4860. Is a a multiple of 15?
True
Let y(s) = 16 - 6 + 20*s**2 - s - 25. Is y(-3) a multiple of 8?
True
Let t = 1120 + -115. Suppose -4*l + t = 357. Is l a multiple of 13?
False
Let l = -22 - -28. Suppose -i + g = 2*i - l, -2*g + 3 = -i. Suppose -3*w + s = -429, -4*w + 358 = i*s - 201. Is w a multiple of 42?
False
Let c(i) = 8*i**3 - 22*i**2 - 4*i - 11. Let j(z) = -3*z**3 + 7*z**2 + z + 4. Let q(g) = 6*c(g) + 17*j(g). Does 32 divide q(-6)?
True
Suppose -7*h - 17 + 73 = 0. Let v(n) = -n**3 + 13*n**2 + 5*n - 20. Does 20 divide v(h)?
True
Does 119 divide -6*(-77)/33*544?
True
Let p(i) = 40*i**2 - 12*i + 2. Let d be p(4). Suppose -3*x + 5 = -7. Suppose 5*o = -2*j + 669, -x*j - d = -5*o + 93. Is o a multiple of 15?
True
Does 61 divide 10/15*2745/2?
True
Let m be (-492)/(-9) + 1/3. Let b = 858 - 903. Let s = b + m. Is 9 a factor of s?
False
Let r(h) = -6*h - 2. Let t(q) = q**2 - 11*q - 3. Let w(m) = -5*r(m) + 3*t(m). Let j be w(2). Let p(f) = 3*f**2 - 18*f + 6. Is 3 a factor of p(j)?
True
Let x(c) = 921*c**2 + 129*c + 620. Is x(-5) a multiple of 180?
False
Let j(k) = 5*k**2 - 11*k - 5. Let l be j(5). Suppose l*c = 70*c - 150. Let p = c - 17. Does 2 divide p?
False
Is 9 a factor of (-3744)/(-2) + (80/(-20) - 6)?
False
Suppose -w + 4*f = 12, 3*w = 6*w + f - 3. Suppose 4*v - 8*v + 1356 = w. Does 14 divide v?
False
Let m = 3660 + -2676. Is m a multiple of 8?
True
Let g(b) = 4*b**2 + 16*b - 20. Let u(f) = f**2 - 18*f + 56. Let n be u(5). Does 32 divide g(n)?
True
Suppose 